hat is -11453 (base 7) in base 13?
-1481
What is 545 (base 9) in base 16?
1be
9c11 (base 15) to base 4
20011003
What is 33367 (base 8) in base 7?
56011
What is 132311 (base 4) in base 5?
30343
25 (base 14) to base 6
53
What is 634 (base 14) in base 11?
a11
Convert -2392 (base 14) to base 2.
-1100000111100
Convert 3132 (base 5) to base 11.
34a
What is 357 (base 15) in base 11?
629
-5534 (base 9) to base 12
-2441
What is 11100011100 (base 2) in base 15?
815
-2fe (base 16) to base 8
-1376
What is -410524 (base 6) in base 5?
-2020341
What is -4220 (base 5) in base 12?
-3a8
Convert 615 (base 9) to base 4.
13310
Convert -1122 (base 14) to base 6.
-21430
ad8 (base 15) to base 10
2453
What is -773 (base 11) in base 14?
-4a3
What is 531144 (base 6) in base 4?
22200220
What is 755 (base 11) in base 15?
407
What is 22012 (base 9) in base 13?
6845
Convert 313 (base 9) to base 15.
120
-313 (base 6) to base 2
-1110101
What is 273 (base 13) in base 3?
121000
What is 1697 (base 16) in base 4?
1122113
Convert -1661 (base 11) to base 14.
-aba
523504 (base 6) to base 9
64024
What is 102204 (base 5) in base 15?
1039
-5a6 (base 11) to base 12
-501
Convert 2520 (base 8) to base 7.
3652
What is -3224 (base 6) in base 12?
-514
What is 1131302 (base 4) in base 15?
1ba2
-6975 (base 13) to base 2
-11100111001111
Convert 120403 (base 5) to base 10.
4478
-182 (base 16) to base 12
-282
Convert -1102012 (base 3) to base 16.
-407
Convert 877 (base 14) to base 4.
122021
What is 20498 (base 11) in base 9?
44872
-10011001 (base 2) to base 16
-99
-161025 (base 8) to base 7
-330511
Convert 21b (base 15) to base 9.
578
Convert -712 (base 8) to base 7.
-1223
What is -943 (base 10) in base 15?
-42d
What is -75c (base 15) in base 12?
-b66
Convert -2535 (base 13) to base 14.
-1cd5
What is 97d5 (base 16) in base 6?
455541
What is 766 (base 8) in base 4?
13312
Convert 1424 (base 6) to base 12.
274
Convert 22111 (base 6) to base 8.
5773
Convert 3522 (base 7) to base 14.
682
Convert 30146 (base 7) to base 16.
1c76
What is -549 (base 10) in base 2?
-1000100101
Convert -1180 (base 10) to base 14.
-604
What is -10021 (base 4) in base 14?
-14d
Convert 10507 (base 8) to base 15.
149d
What is -2cc1 (base 15) in base 2?
-10010110011111
What is 719 (base 13) in base 5?
14310
What is 102220 (base 3) in base 9?
386
Convert 100100100110 (base 2) to base 12.
1432
Convert -14 (base 14) to base 13.
-15
Convert 13606 (base 7) to base 11.
2891
Convert 6c83 (base 16) to base 9.
42085
What is -355d (base 14) in base 4?
-2101033
2908 (base 14) to base 5
213020
Convert -102100201 (base 3) to base 10.
-8281
Convert 24ad (base 14) to base 2.
1100100011001
What is -140212 (base 6) in base 2?
-11001011110000
-21544 (base 6) to base 11
-22a2
-537 (base 11) to base 14
-341
-111786 (base 9) to base 6
-1234040
Convert 10001111101 (base 2) to base 9.
1516
142003 (base 5) to base 2
1011011110110
Convert abf4 (base 16) to base 5.
2402040
Convert 1e05 (base 16) to base 15.
2425
-1011000011010100 (base 2) to base 11
-31013
What is -1214004 (base 5) in base 7?
-124032
Convert -10141 (base 6) to base 7.
-3646
Convert 167622 (base 8) to base 9.
103114
What is 1033201 (base 4) in base 13?
2416
Convert 8309 (base 11) to base 12.
6464
What is -557 (base 8) in base 4?
-11233
What is -11112022 (base 3) in base 11?
-2532
1121001 (base 3) to base 7
3250
Convert 101100101000101 (base 2) to base 4.
11211011
Convert -1b5 (base 16) to base 8.
-665
What is 1132 (base 5) in base 14?
bd
Convert 1110111011000 (base 2) to base 9.
11428
Convert 10382 (base 13) to base 3.
1111000112
Convert 48412 (base 10) to base 16.
bd1c
What is -dac (base 14) in base 9?
-3630
What is 4342 (base 5) in base 4?
21111
What is -1163 (base 7) in base 10?
-437
What is -220b (base 12) in base 4?
-322223
Convert -242535 (base 6) to base 7.
-116210
What is c4a6 (base 13) in base 3?
1101021112
Convert 940 (base 16) to base 6.
14544
Convert 7453 (base 12) to base 3.
122110200
What is -155 (base 12) in base 13?
-131
Convert 253551 (base 6) to base 16.
596b
-ee3 (base 16) to base 13
-1972
Convert 654 (base 7) to base 13.
1c8
Convert 245d (base 14) to base 10.
6355
What is -cdda (base 14) in base 7?
-205663
Convert -63 (base 14) to base 8.
-127
What is 203300 (base 5) in base 14?
2628
Convert -23100 (base 5) to base 6.
-11350
211000 (base 3) to base 13
369
What is e99 (base 15) in base 16?
cde
42606 (base 9) to base 12
14396
What is -4802 (base 9) in base 2?
-110111101110
What is 12202202 (base 3) in base 4?
1001231
Convert -3213 (base 5) to base 16.
-1b1
Convert 2526 (base 15) to base 16.
1ee7
5156 (base 10) to base 13
2468
Convert -9a (base 11) to base 2.
-1101101
4d (base 15) to base 6
201
What is -3696a (base 11) in base 13?
-1b208
-456 (base 13) to base 16
-2eb
Convert 683 (base 14) to base 2.
10100001011
Convert 2570 (base 8) to base 2.
10101111000
5495 (base 13) to base 10
11783
What is -43a (base 14) in base 6?
-3512
Convert -3263 (base 15) to base 7.
-43050
Convert -1f8 (base 16) to base 9.
-620
What is 21213 (base 6) in base 10?
2889
What is 670 (base 8) in base 14?
236
-2698 (base 12) to base 8
-10524
Convert 17207 (base 12) to base 15.
9c37
Convert -101000110110001 (base 2) to base 11.
-14792
Convert -2124 (base 5) to base 15.
-144
What is -345 (base 8) in base 6?
-1021
What is -1202112 (base 3) in base 6?
-5535
Convert 2126 (base 8) to base 10.
1110
What is 35315 (base 8) in base 11?
10345
35082 (base 9) to base 16
5b6a
-32420 (base 5) to base 14
-b59
Convert 8a87 (base 15) to base 8.
71301
Convert -1001000101000110 (base 2) to base 7.
-213266
Convert -265 (base 12) to base 8.
-555
-1ef (base 16) to base 5
-3440
What is df (base 16) in base 9?
267
Convert 11200112 (base 3) to base 16.
d58
Convert -601b (base 16) to base 15.
-7453
Convert 2157 (base 9) to base 14.
819
-17215 (base 13) to base 11
-3030a
What is -1101000110111001 (base 2) in base 6?
-1052321
What is -498 (base 14) in base 2?
-1110010110
-5067 (base 8) to base 14
-d4b
432 (base 5) to base 14
85
What is 110100101100010 (base 2) in base 14?
9b90
Convert 183 (base 15) to base 8.
534
What is 153 (base 9) in base 15?
89
Convert -2021022 (base 3) to base 11.
-1275
What is 267 (base 15) in base 3?
202021
-22435 (base 7) to base 16
-164e
Convert 177a (base 11) to base 14.
b7b
Convert 14824 (base 11) to base 15.
6324
What is -3002 (base 7) in base 15?
-48b
605 (base 12) to base 16
365
Convert 469 (base 14) to base 16.
36d
Convert 2024 (base 5) to base 10.
264
Convert 286 (base 16) to base 10.
646
Convert -1142 (base 6) to base 2.
-100010110
What is c4c (base 13) in base 3?
2212111
What is 570 (base 16) in base 11?
1056
-1216 (base 7) to base 3
-121211
What is 1423 (base 5) in base 7?
460
Convert 1071 (base 16) to base 12.
2529
Convert 111001000101 (base 2) to base 14.
148d
Convert -13211 (base 5) to base 13.
-633
Convert 1244 (base 6) to base 10.
316
Convert -212021 (base 8) to base 16.
-11411
Convert -221220122 (base 3) to base 7.
-106034
What is -886 (base 9) in base 3?
-222220
2002111 (base 3) to base 2
10111110101
Convert 43a (base 14) to base 12.
598
Convert ed (base 15) to base 6.
1011
Convert -1578 (base 9) to base 7.
-3341
Convert 5602 (base 8) to base 7.
11406
What is 127 (base 16) in base 3?
101221
Convert 105212 (base 6) to base 7.
35024
4160 (base 8) to base 16
870
Convert 2234 (base 14) to base 13.
290b
What is -683 (base 11) in base 5?
-11232
2860 (base 10) to base 7
11224
What is 10100101000 (base 2) in base 16?
528
-2130 (base 8) to base 14
-596
What is -27234 (base 13) in base 6?
-1321230
What is -1141 (base 5) in base 8?
-253
What is 26562 (base 9) in base 14?
6789
What is -44650 (base 8) in base 14?
-6c2c
321 (base 8) to base 14
10d
Convert -375 (base 12) to base 9.
-638
Convert 155 (base 13) to base 2.
11101111
63703 (base 9) to base 11
29714
Convert 9a (base 11) to base 8.
155
Convert -111202 (base 4) to base 3.
-1220001
Convert 142b (base 12) to base 3.
10012122
What is -100 (base 7) in base 13?
-3a
-485 (base 12) to base 10
-677
Convert 12 (base 16) to base 10.
18
Convert -18 (base 16) to base 14.
-1a
Convert -21634 (base 7) to base 5.
-133324
Convert -23a6b (base 12) to base 16.
-bc33
111111 (base 3) to base 9
444
What is -154b (base 16) in base 15?
-1936
-151 (base 7) to ba